{"id":1456,"date":"2011-12-12T21:57:15","date_gmt":"2011-12-13T05:57:15","guid":{"rendered":"http:\/\/mautam.vchoir.org\/weeklysongs\/?page_id=1456"},"modified":"2011-12-12T22:00:14","modified_gmt":"2011-12-13T06:00:14","slug":"thanh-th%e1%bb%83-thanh-tam-minh-mau-thanh","status":"publish","type":"page","link":"https:\/\/home.mautam.org\/weeklysongs\/thanh-th%e1%bb%83-thanh-tam-minh-mau-thanh","title":{"rendered":"Th\u00e1nh Th\u1ec3 &#8211; Th\u00e1nh T\u00e2m &#8211; M\u00ecnh M\u00e1u Th\u00e1nh"},"content":{"rendered":"<p>[iframe http:\/\/www.catruong.com\/baihat\/thanhthe_thanhtam.htm\u00a0640 500]<\/p>\n<p>.<\/p>\n<p>.<\/p>\n<p>[iframe http:\/\/www.catruong.com\/baihat\/minhmauthanh.htm\u00a0640 500]<\/p>\n<p>.<\/p>\n<p>.<\/p>\n<p>[iframe http:\/\/www.ngoiba.net\/thanhnhac\/thanhthan\/thanhthan.html\u00a0640 500]<\/p>\n<p>.<\/p>\n<p>.<\/p>\n<p>[iframe http:\/\/www.catruong.com\/baihat\/chuakitovua.htm\u00a0640 500]<\/p>\n<p>.<\/p>\n<p>.<\/p>\n<p>[iframe http:\/\/www.catruong.com\/baihat\/chuathanhthan.htm\u00a0640 500]<\/p>\n<!--themify_builder_content-->\n<div id=\"themify_builder_content-1456\" data-postid=\"1456\" class=\"themify_builder_content themify_builder_content-1456 themify_builder tf_clear\">\n    <\/div>\n<!--\/themify_builder_content-->\n","protected":false},"excerpt":{"rendered":"<p>[iframe http:\/\/www.catruong.com\/baihat\/thanhthe_thanhtam.htm\u00a0640 500] . . [iframe http:\/\/www.catruong.com\/baihat\/minhmauthanh.htm\u00a0640 500] . . [iframe http:\/\/www.ngoiba.net\/thanhnhac\/thanhthan\/thanhthan.html\u00a0640 500] . . [iframe http:\/\/www.catruong.com\/baihat\/chuakitovua.htm\u00a0640 500] . . [iframe http:\/\/www.catruong.com\/baihat\/chuathanhthan.htm\u00a0640 500]<\/p>\n","protected":false},"author":1,"featured_media":0,"parent":0,"menu_order":8,"comment_status":"closed","ping_status":"open","template":"","meta":{"footnotes":""},"builder_content":"","_links":{"self":[{"href":"https:\/\/home.mautam.org\/weeklysongs\/wp-json\/wp\/v2\/pages\/1456"}],"collection":[{"href":"https:\/\/home.mautam.org\/weeklysongs\/wp-json\/wp\/v2\/pages"}],"about":[{"href":"https:\/\/home.mautam.org\/weeklysongs\/wp-json\/wp\/v2\/types\/page"}],"author":[{"embeddable":true,"href":"https:\/\/home.mautam.org\/weeklysongs\/wp-json\/wp\/v2\/users\/1"}],"replies":[{"embeddable":true,"href":"https:\/\/home.mautam.org\/weeklysongs\/wp-json\/wp\/v2\/comments?post=1456"}],"version-history":[{"count":4,"href":"https:\/\/home.mautam.org\/weeklysongs\/wp-json\/wp\/v2\/pages\/1456\/revisions"}],"predecessor-version":[{"id":1459,"href":"https:\/\/home.mautam.org\/weeklysongs\/wp-json\/wp\/v2\/pages\/1456\/revisions\/1459"}],"wp:attachment":[{"href":"https:\/\/home.mautam.org\/weeklysongs\/wp-json\/wp\/v2\/media?parent=1456"}],"curies":[{"name":"wp","href":"https:\/\/api.w.org\/{rel}","templated":true}]}}