{"id":48,"date":"2024-02-09T13:07:15","date_gmt":"2024-02-09T21:07:15","guid":{"rendered":"https:\/\/home.mautam.org\/memory\/?page_id=48"},"modified":"2024-02-09T13:12:24","modified_gmt":"2024-02-09T21:12:24","slug":"youtube-videos","status":"publish","type":"page","link":"https:\/\/home.mautam.org\/memory\/","title":{"rendered":"YouTube Videos"},"content":{"rendered":"<div \n\t\t\tclass=\"yotu-playlist yotuwp yotu-limit-min   yotu-thumb-169  yotu-template-grid\" \n\t\t\tdata-page=\"1\"\n\t\t\tid=\"yotuwp-69f26f12895b2\"\n\t\t\tdata-yotu=\"69f26f1322170\"\n\t\t\tdata-total=\"27\"\n\t\t\tdata-settings=\"eyJ0eXBlIjoicGxheWxpc3QiLCJpZCI6IlVVSXhXZVE4LWpqVmhzem90WVRoSTBKQSIsInBhZ2luYXRpb24iOiJvbiIsInBhZ2l0eXBlIjoicGFnZXIiLCJjb2x1bW4iOiI0IiwicGVyX3BhZ2UiOiIxMiIsInRlbXBsYXRlIjoiZ3JpZCIsInRpdGxlIjoib24iLCJkZXNjcmlwdGlvbiI6Im9uIiwidGh1bWJyYXRpbyI6IjE2OSIsIm1ldGEiOiJvZmYiLCJtZXRhX2RhdGEiOiJvZmYiLCJtZXRhX3Bvc2l0aW9uIjoib2ZmIiwiZGF0ZV9mb3JtYXQiOiJvZmYiLCJtZXRhX2FsaWduIjoib2ZmIiwic3Vic2NyaWJlIjoib2ZmIiwiZHVyYXRpb24iOiJvZmYiLCJtZXRhX2ljb24iOiJvZmYiLCJuZXh0dGV4dCI6IiIsInByZXZ0ZXh0IjoiIiwibG9hZG1vcmV0ZXh0IjoiIiwicGxheWVyIjp7Im1vZGUiOiJsYXJnZSIsIndpZHRoIjoiNjAwIiwic2Nyb2xsaW5nIjoiMTAwIiwiYXV0b3BsYXkiOjAsImNvbnRyb2xzIjoxLCJtb2Rlc3RicmFuZGluZyI6MSwibG9vcCI6MCwiYXV0b25leHQiOjAsInNob3dpbmZvIjoxLCJyZWwiOjEsInBsYXlpbmciOjAsInBsYXlpbmdfZGVzY3JpcHRpb24iOjAsInRodW1ibmFpbHMiOjAsImNjX2xvYWRfcG9saWN5IjoiMSIsImNjX2xhbmdfcHJlZiI6IjEiLCJobCI6IiIsIml2X2xvYWRfcG9saWN5IjoiMSJ9LCJsYXN0X3RhYiI6InNldHRpbmdzIiwidXNlX2FzX21vZGFsIjoib2ZmIiwibW9kYWxfaWQiOiJvZmYiLCJsYXN0X3VwZGF0ZSI6IjE3MDc1MTE0NzQiLCJzdHlsaW5nIjp7InBhZ2VyX2xheW91dCI6ImRlZmF1bHQiLCJidXR0b24iOiIxIiwiYnV0dG9uX2NvbG9yIjoiIiwiYnV0dG9uX2JnX2NvbG9yIjoiIiwiYnV0dG9uX2NvbG9yX2hvdmVyIjoiIiwiYnV0dG9uX2JnX2NvbG9yX2hvdmVyIjoiIiwidmlkZW9fc3R5bGUiOiIiLCJwbGF5aWNvbl9jb2xvciI6IiIsImhvdmVyX2ljb24iOiIiLCJnYWxsZXJ5X2JnIjoiIn0sImVmZmVjdHMiOnsidmlkZW9fYm94IjoiIiwiZmxpcF9lZmZlY3QiOiIifSwiZ2FsbGVyeV9pZCI6IjY5ZjI2ZjEyODk1YjIiLCJuZXh0IjoiRUFBYUhsQlVPa05CZDJsRlJWcENUakJXUWs1cVNURlNWVWt3VWtWT1JVMVVTUSIsInByZXYiOiIifQ==\"\n\t\t\tdata-player=\"large\"\n\t\t\tdata-showdesc=\"on\" >\n\t\t\t\t<div>\n\t\t\t\t\t\t\t\t\t\t<div class=\"yotu-wrapper-player\" style=\"width:600px\">\n\t\t\t\t\t\t\t\t\t\t\t\t<div class=\"yotu-player\">\n\t\t\t\t\t\t\t<div class=\"yotu-video-placeholder\" id=\"yotu-player-69f26f1322170\"><\/div>\n\t\t\t\t\t\t<\/div>\n\t\t\t\t\t\t<div class=\"yotu-playing-status\"><\/div>\n\t\t\t\t\t\t\t\t\t\t\t<\/div>\n\n\t\t\t\t\t<div class=\"yotu-pagination yotu-pager_layout-default yotu-pagination-top\">\n<a href=\"#\" class=\"yotu-pagination-prev yotu-button-prs yotu-button-prs-1\" data-page=\"prev\">Prev<\/a>\n<span class=\"yotu-pagination-current\">1<\/span> <span>of<\/span> <span class=\"yotu-pagination-total\">27<\/span>\n<a href=\"#\" class=\"yotu-pagination-next yotu-button-prs yotu-button-prs-1\" data-page=\"next\">Next<\/a>\n<\/div>\n<div class=\"yotu-videos yotu-mode-grid yotu-column-4 yotu-player-mode-large\">\n\t<ul>\n\t\t\t\t\t<li class=\" yotu-first\">\n\t\t\t\t\t\t\t\t<a href=\"#QSoCIA4lWE0\" class=\"yotu-video\" data-videoid=\"QSoCIA4lWE0\" data-title=\"Mu\u031b\u0300ng Ha\u0301t Chie\u0302n Con - St. Th\u00e0nh T\u00e2m | Ca \u0111o\u00e0n M\u1eabu T\u00e2m - Gi\u00e1o x\u1ee9 \u0110\u1ee9c M\u1eb9 La Vang - San Jose\" title=\"Mu\u031b\u0300ng Ha\u0301t Chie\u0302n Con - St. Th\u00e0nh T\u00e2m | Ca \u0111o\u00e0n M\u1eabu T\u00e2m - Gi\u00e1o x\u1ee9 \u0110\u1ee9c M\u1eb9 La Vang - San Jose\">\n\t\t\t\t\t<div class=\"yotu-video-thumb-wrp\">\n\t\t\t\t\t\t<div>\n\t\t\t\t\t\t\t\t\t\t\t\t\t\t<img decoding=\"async\" class=\"yotu-video-thumb\" src=\"https:\/\/i.ytimg.com\/vi\/QSoCIA4lWE0\/sddefault.jpg\" alt=\"Mu\u031b\u0300ng Ha\u0301t Chie\u0302n Con - St. Th\u00e0nh T\u00e2m | Ca \u0111o\u00e0n M\u1eabu T\u00e2m - Gi\u00e1o x\u1ee9 \u0110\u1ee9c M\u1eb9 La Vang - San Jose\">\t\n\t\t\t\t\t\t\t\t\t\t\t\t\t<\/div>\n\t\t\t\t\t<\/div>\n\t\t\t\t\t\t\t\t\t\t\t<h3 class=\"yotu-video-title\">Mu\u031b\u0300ng Ha\u0301t Chie\u0302n Con - St. Th\u00e0nh T\u00e2m | Ca \u0111o\u00e0n M\u1eabu T\u00e2m - Gi\u00e1o x\u1ee9 \u0110\u1ee9c M\u1eb9 La Vang - San Jose<\/h3>\n\t\t\t\t\t\t\t\t\t\t\t\t\t\t\t\t\t\t\t\t\t<div class=\"yotu-video-description\"><\/div>\n\t\t\t\t\t\t\t\t\t<\/a>\n\t\t\t\t\t\t\t<\/li>\n\t\t\t\t\n\t\t\t\t\t\t<li class=\"\">\n\t\t\t\t\t\t\t\t<a href=\"#-RVh_apNs2I\" class=\"yotu-video\" data-videoid=\"-RVh_apNs2I\" data-title=\"Da\u0302ng Lo\u031b\u0300i Ca\u0309m Me\u0302\u0301n  - St: Ng\u1ecdc Linh | Ca \u0111o\u00e0n M\u1eabu T\u00e2m - Gi\u00e1o x\u1ee9 \u0110\u1ee9c M\u1eb9 La Vang - San Jose\" title=\"Da\u0302ng Lo\u031b\u0300i Ca\u0309m Me\u0302\u0301n  - St: Ng\u1ecdc Linh | Ca \u0111o\u00e0n M\u1eabu T\u00e2m - Gi\u00e1o x\u1ee9 \u0110\u1ee9c M\u1eb9 La Vang - San Jose\">\n\t\t\t\t\t<div class=\"yotu-video-thumb-wrp\">\n\t\t\t\t\t\t<div>\n\t\t\t\t\t\t\t\t\t\t\t\t\t\t<img decoding=\"async\" class=\"yotu-video-thumb\" src=\"https:\/\/i.ytimg.com\/vi\/-RVh_apNs2I\/sddefault.jpg\" alt=\"Da\u0302ng Lo\u031b\u0300i Ca\u0309m Me\u0302\u0301n  - St: Ng\u1ecdc Linh | Ca \u0111o\u00e0n M\u1eabu T\u00e2m - Gi\u00e1o x\u1ee9 \u0110\u1ee9c M\u1eb9 La Vang - San Jose\">\t\n\t\t\t\t\t\t\t\t\t\t\t\t\t<\/div>\n\t\t\t\t\t<\/div>\n\t\t\t\t\t\t\t\t\t\t\t<h3 class=\"yotu-video-title\">Da\u0302ng Lo\u031b\u0300i Ca\u0309m Me\u0302\u0301n  - St: Ng\u1ecdc Linh | Ca \u0111o\u00e0n M\u1eabu T\u00e2m - Gi\u00e1o x\u1ee9 \u0110\u1ee9c M\u1eb9 La Vang - San Jose<\/h3>\n\t\t\t\t\t\t\t\t\t\t\t\t\t\t\t\t\t\t\t\t\t<div class=\"yotu-video-description\"><\/div>\n\t\t\t\t\t\t\t\t\t<\/a>\n\t\t\t\t\t\t\t<\/li>\n\t\t\t\t\n\t\t\t\t\t\t<li class=\"\">\n\t\t\t\t\t\t\t\t<a href=\"#3pEWV7dB9KU\" class=\"yotu-video\" data-videoid=\"3pEWV7dB9KU\" data-title=\"Tro\u0323n \u0110o\u031b\u0300i Con Da\u0302ng - St. Fa L\u00ea | Ca \u0111o\u00e0n M\u1eabu T\u00e2m - Gi\u00e1o x\u1ee9 \u0110\u1ee9c M\u1eb9 La Vang - San Jose\" title=\"Tro\u0323n \u0110o\u031b\u0300i Con Da\u0302ng - St. Fa L\u00ea | Ca \u0111o\u00e0n M\u1eabu T\u00e2m - Gi\u00e1o x\u1ee9 \u0110\u1ee9c M\u1eb9 La Vang - San Jose\">\n\t\t\t\t\t<div class=\"yotu-video-thumb-wrp\">\n\t\t\t\t\t\t<div>\n\t\t\t\t\t\t\t\t\t\t\t\t\t\t<img decoding=\"async\" class=\"yotu-video-thumb\" src=\"https:\/\/i.ytimg.com\/vi\/3pEWV7dB9KU\/sddefault.jpg\" alt=\"Tro\u0323n \u0110o\u031b\u0300i Con Da\u0302ng - St. Fa L\u00ea | Ca \u0111o\u00e0n M\u1eabu T\u00e2m - Gi\u00e1o x\u1ee9 \u0110\u1ee9c M\u1eb9 La Vang - San Jose\">\t\n\t\t\t\t\t\t\t\t\t\t\t\t\t<\/div>\n\t\t\t\t\t<\/div>\n\t\t\t\t\t\t\t\t\t\t\t<h3 class=\"yotu-video-title\">Tro\u0323n \u0110o\u031b\u0300i Con Da\u0302ng - St. Fa L\u00ea | Ca \u0111o\u00e0n M\u1eabu T\u00e2m - Gi\u00e1o x\u1ee9 \u0110\u1ee9c M\u1eb9 La Vang - San Jose<\/h3>\n\t\t\t\t\t\t\t\t\t\t\t\t\t\t\t\t\t\t\t\t\t<div class=\"yotu-video-description\"><\/div>\n\t\t\t\t\t\t\t\t\t<\/a>\n\t\t\t\t\t\t\t<\/li>\n\t\t\t\t\n\t\t\t\t\t\t<li class=\"\">\n\t\t\t\t\t\t\t\t<a href=\"#wajmPAHeb1Y\" class=\"yotu-video\" data-videoid=\"wajmPAHeb1Y\" data-title=\"Chu\u0301a Nay \u0110a\u0303 Phu\u0323c Sinh - St. Kim Long | Ca \u0111o\u00e0n M\u1eabu T\u00e2m - Gi\u00e1o x\u1ee9 \u0110\u1ee9c M\u1eb9 La Vang - San Jose\" title=\"Chu\u0301a Nay \u0110a\u0303 Phu\u0323c Sinh - St. Kim Long | Ca \u0111o\u00e0n M\u1eabu T\u00e2m - Gi\u00e1o x\u1ee9 \u0110\u1ee9c M\u1eb9 La Vang - San Jose\">\n\t\t\t\t\t<div class=\"yotu-video-thumb-wrp\">\n\t\t\t\t\t\t<div>\n\t\t\t\t\t\t\t\t\t\t\t\t\t\t<img decoding=\"async\" class=\"yotu-video-thumb\" src=\"https:\/\/i.ytimg.com\/vi\/wajmPAHeb1Y\/sddefault.jpg\" alt=\"Chu\u0301a Nay \u0110a\u0303 Phu\u0323c Sinh - St. Kim Long | Ca \u0111o\u00e0n M\u1eabu T\u00e2m - Gi\u00e1o x\u1ee9 \u0110\u1ee9c M\u1eb9 La Vang - San Jose\">\t\n\t\t\t\t\t\t\t\t\t\t\t\t\t<\/div>\n\t\t\t\t\t<\/div>\n\t\t\t\t\t\t\t\t\t\t\t<h3 class=\"yotu-video-title\">Chu\u0301a Nay \u0110a\u0303 Phu\u0323c Sinh - St. Kim Long | Ca \u0111o\u00e0n M\u1eabu T\u00e2m - Gi\u00e1o x\u1ee9 \u0110\u1ee9c M\u1eb9 La Vang - San Jose<\/h3>\n\t\t\t\t\t\t\t\t\t\t\t\t\t\t\t\t\t\t\t\t\t<div class=\"yotu-video-description\"><\/div>\n\t\t\t\t\t\t\t\t\t<\/a>\n\t\t\t\t\t\t\t<\/li>\n\t\t\t\t\n\t\t\t\t\t\t<li class=\"\">\n\t\t\t\t\t\t\t\t<a href=\"#mO_ykW8JQm4\" class=\"yotu-video\" data-videoid=\"mO_ykW8JQm4\" data-title=\"Tre\u0302n \u0110u\u031bo\u031b\u0300ng Emmau - St. Th\u00e0nh T\u00e2m | Ca \u0111o\u00e0n M\u1eabu T\u00e2m - Gi\u00e1o x\u1ee9 \u0110\u1ee9c M\u1eb9 La Vang - San Jose\" title=\"Tre\u0302n \u0110u\u031bo\u031b\u0300ng Emmau - St. Th\u00e0nh T\u00e2m | Ca \u0111o\u00e0n M\u1eabu T\u00e2m - Gi\u00e1o x\u1ee9 \u0110\u1ee9c M\u1eb9 La Vang - San Jose\">\n\t\t\t\t\t<div class=\"yotu-video-thumb-wrp\">\n\t\t\t\t\t\t<div>\n\t\t\t\t\t\t\t\t\t\t\t\t\t\t<img decoding=\"async\" class=\"yotu-video-thumb\" src=\"https:\/\/i.ytimg.com\/vi\/mO_ykW8JQm4\/sddefault.jpg\" alt=\"Tre\u0302n \u0110u\u031bo\u031b\u0300ng Emmau - St. Th\u00e0nh T\u00e2m | Ca \u0111o\u00e0n M\u1eabu T\u00e2m - Gi\u00e1o x\u1ee9 \u0110\u1ee9c M\u1eb9 La Vang - San Jose\">\t\n\t\t\t\t\t\t\t\t\t\t\t\t\t<\/div>\n\t\t\t\t\t<\/div>\n\t\t\t\t\t\t\t\t\t\t\t<h3 class=\"yotu-video-title\">Tre\u0302n \u0110u\u031bo\u031b\u0300ng Emmau - St. Th\u00e0nh T\u00e2m | Ca \u0111o\u00e0n M\u1eabu T\u00e2m - Gi\u00e1o x\u1ee9 \u0110\u1ee9c M\u1eb9 La Vang - San Jose<\/h3>\n\t\t\t\t\t\t\t\t\t\t\t\t\t\t\t\t\t\t\t\t\t<div class=\"yotu-video-description\"><\/div>\n\t\t\t\t\t\t\t\t\t<\/a>\n\t\t\t\t\t\t\t<\/li>\n\t\t\t\t\n\t\t\t\t\t\t<li class=\"\">\n\t\t\t\t\t\t\t\t<a href=\"#Tx75KbB2Y8s\" class=\"yotu-video\" data-videoid=\"Tx75KbB2Y8s\" data-title=\"\u0110\u1ebfn V\u1edbi L\u00f2ng Th\u01b0\u01a1ng X\u00f3t Ch\u00faa - St:  Lm V\u0169 \u0110\u1ee9c Hi\u1ec7p | Ca \u0111o\u00e0n M\u1eabu T\u00e2m - Gi\u00e1o x\u1ee9 \u0110\u1ee9c M\u1eb9 La Vang - SJ\" title=\"\u0110\u1ebfn V\u1edbi L\u00f2ng Th\u01b0\u01a1ng X\u00f3t Ch\u00faa - St:  Lm V\u0169 \u0110\u1ee9c Hi\u1ec7p | Ca \u0111o\u00e0n M\u1eabu T\u00e2m - Gi\u00e1o x\u1ee9 \u0110\u1ee9c M\u1eb9 La Vang - SJ\">\n\t\t\t\t\t<div class=\"yotu-video-thumb-wrp\">\n\t\t\t\t\t\t<div>\n\t\t\t\t\t\t\t\t\t\t\t\t\t\t<img decoding=\"async\" class=\"yotu-video-thumb\" src=\"https:\/\/i.ytimg.com\/vi\/Tx75KbB2Y8s\/sddefault.jpg\" alt=\"\u0110\u1ebfn V\u1edbi L\u00f2ng Th\u01b0\u01a1ng X\u00f3t Ch\u00faa - St:  Lm V\u0169 \u0110\u1ee9c Hi\u1ec7p | Ca \u0111o\u00e0n M\u1eabu T\u00e2m - Gi\u00e1o x\u1ee9 \u0110\u1ee9c M\u1eb9 La Vang - SJ\">\t\n\t\t\t\t\t\t\t\t\t\t\t\t\t<\/div>\n\t\t\t\t\t<\/div>\n\t\t\t\t\t\t\t\t\t\t\t<h3 class=\"yotu-video-title\">\u0110\u1ebfn V\u1edbi L\u00f2ng Th\u01b0\u01a1ng X\u00f3t Ch\u00faa - St:  Lm V\u0169 \u0110\u1ee9c Hi\u1ec7p | Ca \u0111o\u00e0n M\u1eabu T\u00e2m - Gi\u00e1o x\u1ee9 \u0110\u1ee9c M\u1eb9 La Vang - SJ<\/h3>\n\t\t\t\t\t\t\t\t\t\t\t\t\t\t\t\t\t\t\t\t\t<div class=\"yotu-video-description\"><\/div>\n\t\t\t\t\t\t\t\t\t<\/a>\n\t\t\t\t\t\t\t<\/li>\n\t\t\t\t\n\t\t\t\t\t\t<li class=\"\">\n\t\t\t\t\t\t\t\t<a href=\"#E-J6BmOt7e4\" class=\"yotu-video\" data-videoid=\"E-J6BmOt7e4\" data-title=\"Xin Ban Th\u00eam L\u00f2ng Tin - St:  Mi Tr\u1ea7m | Ca \u0111o\u00e0n M\u1eabu T\u00e2m - Gi\u00e1o x\u1ee9 \u0110\u1ee9c M\u1eb9 La Vang - San Jose\" title=\"Xin Ban Th\u00eam L\u00f2ng Tin - St:  Mi Tr\u1ea7m | Ca \u0111o\u00e0n M\u1eabu T\u00e2m - Gi\u00e1o x\u1ee9 \u0110\u1ee9c M\u1eb9 La Vang - San Jose\">\n\t\t\t\t\t<div class=\"yotu-video-thumb-wrp\">\n\t\t\t\t\t\t<div>\n\t\t\t\t\t\t\t\t\t\t\t\t\t\t<img decoding=\"async\" class=\"yotu-video-thumb\" src=\"https:\/\/i.ytimg.com\/vi\/E-J6BmOt7e4\/sddefault.jpg\" alt=\"Xin Ban Th\u00eam L\u00f2ng Tin - St:  Mi Tr\u1ea7m | Ca \u0111o\u00e0n M\u1eabu T\u00e2m - Gi\u00e1o x\u1ee9 \u0110\u1ee9c M\u1eb9 La Vang - San Jose\">\t\n\t\t\t\t\t\t\t\t\t\t\t\t\t<\/div>\n\t\t\t\t\t<\/div>\n\t\t\t\t\t\t\t\t\t\t\t<h3 class=\"yotu-video-title\">Xin Ban Th\u00eam L\u00f2ng Tin - St:  Mi Tr\u1ea7m | Ca \u0111o\u00e0n M\u1eabu T\u00e2m - Gi\u00e1o x\u1ee9 \u0110\u1ee9c M\u1eb9 La Vang - San Jose<\/h3>\n\t\t\t\t\t\t\t\t\t\t\t\t\t\t\t\t\t\t\t\t\t<div class=\"yotu-video-description\"><\/div>\n\t\t\t\t\t\t\t\t\t<\/a>\n\t\t\t\t\t\t\t<\/li>\n\t\t\t\t\n\t\t\t\t\t\t<li class=\"\">\n\t\t\t\t\t\t\t\t<a href=\"#qUw3i7xYxEw\" class=\"yotu-video\" data-videoid=\"qUw3i7xYxEw\" data-title=\"Xin L\u00f2ng Th\u01b0\u01a1ng X\u00f3t Ch\u00faa - St:  Nguy\u1ec5n Ng\u1ecdc Ti\u1ebfn | Ca \u0111o\u00e0n M\u1eabu T\u00e2m - Gi\u00e1o x\u1ee9 \u0110\u1ee9c M\u1eb9 La Vang - SJ\" title=\"Xin L\u00f2ng Th\u01b0\u01a1ng X\u00f3t Ch\u00faa - St:  Nguy\u1ec5n Ng\u1ecdc Ti\u1ebfn | Ca \u0111o\u00e0n M\u1eabu T\u00e2m - Gi\u00e1o x\u1ee9 \u0110\u1ee9c M\u1eb9 La Vang - SJ\">\n\t\t\t\t\t<div class=\"yotu-video-thumb-wrp\">\n\t\t\t\t\t\t<div>\n\t\t\t\t\t\t\t\t\t\t\t\t\t\t<img decoding=\"async\" class=\"yotu-video-thumb\" src=\"https:\/\/i.ytimg.com\/vi\/qUw3i7xYxEw\/sddefault.jpg\" alt=\"Xin L\u00f2ng Th\u01b0\u01a1ng X\u00f3t Ch\u00faa - St:  Nguy\u1ec5n Ng\u1ecdc Ti\u1ebfn | Ca \u0111o\u00e0n M\u1eabu T\u00e2m - Gi\u00e1o x\u1ee9 \u0110\u1ee9c M\u1eb9 La Vang - SJ\">\t\n\t\t\t\t\t\t\t\t\t\t\t\t\t<\/div>\n\t\t\t\t\t<\/div>\n\t\t\t\t\t\t\t\t\t\t\t<h3 class=\"yotu-video-title\">Xin L\u00f2ng Th\u01b0\u01a1ng X\u00f3t Ch\u00faa - St:  Nguy\u1ec5n Ng\u1ecdc Ti\u1ebfn | Ca \u0111o\u00e0n M\u1eabu T\u00e2m - Gi\u00e1o x\u1ee9 \u0110\u1ee9c M\u1eb9 La Vang - SJ<\/h3>\n\t\t\t\t\t\t\t\t\t\t\t\t\t\t\t\t\t\t\t\t\t<div class=\"yotu-video-description\"><\/div>\n\t\t\t\t\t\t\t\t\t<\/a>\n\t\t\t\t\t\t\t<\/li>\n\t\t\t\t\n\t\t\t\t\t\t<li class=\"\">\n\t\t\t\t\t\t\t\t<a href=\"#b9KaDKy4io0\" class=\"yotu-video\" data-videoid=\"b9KaDKy4io0\" data-title=\"L\u1ec5 D\u00e2ng Ph\u1ee5c Sinh - St:  Nguy\u1ec5n H\u00f9ng L\u00e2n | Ca \u0111o\u00e0n M\u1eabu T\u00e2m - Gi\u00e1o x\u1ee9 \u0110\u1ee9c M\u1eb9 La Vang - San Jose\" title=\"L\u1ec5 D\u00e2ng Ph\u1ee5c Sinh - St:  Nguy\u1ec5n H\u00f9ng L\u00e2n | Ca \u0111o\u00e0n M\u1eabu T\u00e2m - Gi\u00e1o x\u1ee9 \u0110\u1ee9c M\u1eb9 La Vang - San Jose\">\n\t\t\t\t\t<div class=\"yotu-video-thumb-wrp\">\n\t\t\t\t\t\t<div>\n\t\t\t\t\t\t\t\t\t\t\t\t\t\t<img decoding=\"async\" class=\"yotu-video-thumb\" src=\"https:\/\/i.ytimg.com\/vi\/b9KaDKy4io0\/sddefault.jpg\" alt=\"L\u1ec5 D\u00e2ng Ph\u1ee5c Sinh - St:  Nguy\u1ec5n H\u00f9ng L\u00e2n | Ca \u0111o\u00e0n M\u1eabu T\u00e2m - Gi\u00e1o x\u1ee9 \u0110\u1ee9c M\u1eb9 La Vang - San Jose\">\t\n\t\t\t\t\t\t\t\t\t\t\t\t\t<\/div>\n\t\t\t\t\t<\/div>\n\t\t\t\t\t\t\t\t\t\t\t<h3 class=\"yotu-video-title\">L\u1ec5 D\u00e2ng Ph\u1ee5c Sinh - St:  Nguy\u1ec5n H\u00f9ng L\u00e2n | Ca \u0111o\u00e0n M\u1eabu T\u00e2m - Gi\u00e1o x\u1ee9 \u0110\u1ee9c M\u1eb9 La Vang - San Jose<\/h3>\n\t\t\t\t\t\t\t\t\t\t\t\t\t\t\t\t\t\t\t\t\t<div class=\"yotu-video-description\"><\/div>\n\t\t\t\t\t\t\t\t\t<\/a>\n\t\t\t\t\t\t\t<\/li>\n\t\t\t\t\n\t\t\t\t\t\t<li class=\"\">\n\t\t\t\t\t\t\t\t<a href=\"#g7Ngxd79Qh4\" class=\"yotu-video\" data-videoid=\"g7Ngxd79Qh4\" data-title=\"Alleluia H\u00e1t L\u00ean Ng\u01b0\u1eddi \u01a0i! - St:  Th\u00e0nh T\u00e2m- Tr\u1ea7n S\u1ef9 T\u00edn | Ca \u0111o\u00e0n M\u1eabu T\u00e2m - Gi\u00e1o x\u1ee9 \u0110\u1ee9c M\u1eb9 La Vang\" title=\"Alleluia H\u00e1t L\u00ean Ng\u01b0\u1eddi \u01a0i! - St:  Th\u00e0nh T\u00e2m- Tr\u1ea7n S\u1ef9 T\u00edn | Ca \u0111o\u00e0n M\u1eabu T\u00e2m - Gi\u00e1o x\u1ee9 \u0110\u1ee9c M\u1eb9 La Vang\">\n\t\t\t\t\t<div class=\"yotu-video-thumb-wrp\">\n\t\t\t\t\t\t<div>\n\t\t\t\t\t\t\t\t\t\t\t\t\t\t<img decoding=\"async\" class=\"yotu-video-thumb\" src=\"https:\/\/i.ytimg.com\/vi\/g7Ngxd79Qh4\/sddefault.jpg\" alt=\"Alleluia H\u00e1t L\u00ean Ng\u01b0\u1eddi \u01a0i! - St:  Th\u00e0nh T\u00e2m- Tr\u1ea7n S\u1ef9 T\u00edn | Ca \u0111o\u00e0n M\u1eabu T\u00e2m - Gi\u00e1o x\u1ee9 \u0110\u1ee9c M\u1eb9 La Vang\">\t\n\t\t\t\t\t\t\t\t\t\t\t\t\t<\/div>\n\t\t\t\t\t<\/div>\n\t\t\t\t\t\t\t\t\t\t\t<h3 class=\"yotu-video-title\">Alleluia H\u00e1t L\u00ean Ng\u01b0\u1eddi \u01a0i! - St:  Th\u00e0nh T\u00e2m- Tr\u1ea7n S\u1ef9 T\u00edn | Ca \u0111o\u00e0n M\u1eabu T\u00e2m - Gi\u00e1o x\u1ee9 \u0110\u1ee9c M\u1eb9 La Vang<\/h3>\n\t\t\t\t\t\t\t\t\t\t\t\t\t\t\t\t\t\t\t\t\t<div class=\"yotu-video-description\"><\/div>\n\t\t\t\t\t\t\t\t\t<\/a>\n\t\t\t\t\t\t\t<\/li>\n\t\t\t\t\n\t\t\t\t\t\t<li class=\"\">\n\t\t\t\t\t\t\t\t<a href=\"#cDy0YkkbzB0\" class=\"yotu-video\" data-videoid=\"cDy0YkkbzB0\" data-title=\"L\u1ec5 V\u1eadt D\u00e2ng Ch\u00faa Ph\u1ee5c Sinh - St:  Vi\u1ec5n Ph\u01b0\u01a1ng | Ca \u0111o\u00e0n M\u1eabu T\u00e2m - Gi\u00e1o x\u1ee9 \u0110\u1ee9c M\u1eb9 La Vang - San Jose\" title=\"L\u1ec5 V\u1eadt D\u00e2ng Ch\u00faa Ph\u1ee5c Sinh - St:  Vi\u1ec5n Ph\u01b0\u01a1ng | Ca \u0111o\u00e0n M\u1eabu T\u00e2m - Gi\u00e1o x\u1ee9 \u0110\u1ee9c M\u1eb9 La Vang - San Jose\">\n\t\t\t\t\t<div class=\"yotu-video-thumb-wrp\">\n\t\t\t\t\t\t<div>\n\t\t\t\t\t\t\t\t\t\t\t\t\t\t<img decoding=\"async\" class=\"yotu-video-thumb\" src=\"https:\/\/i.ytimg.com\/vi\/cDy0YkkbzB0\/sddefault.jpg\" alt=\"L\u1ec5 V\u1eadt D\u00e2ng Ch\u00faa Ph\u1ee5c Sinh - St:  Vi\u1ec5n Ph\u01b0\u01a1ng | Ca \u0111o\u00e0n M\u1eabu T\u00e2m - Gi\u00e1o x\u1ee9 \u0110\u1ee9c M\u1eb9 La Vang - San Jose\">\t\n\t\t\t\t\t\t\t\t\t\t\t\t\t<\/div>\n\t\t\t\t\t<\/div>\n\t\t\t\t\t\t\t\t\t\t\t<h3 class=\"yotu-video-title\">L\u1ec5 V\u1eadt D\u00e2ng Ch\u00faa Ph\u1ee5c Sinh - St:  Vi\u1ec5n Ph\u01b0\u01a1ng | Ca \u0111o\u00e0n M\u1eabu T\u00e2m - Gi\u00e1o x\u1ee9 \u0110\u1ee9c M\u1eb9 La Vang - San Jose<\/h3>\n\t\t\t\t\t\t\t\t\t\t\t\t\t\t\t\t\t\t\t\t\t<div class=\"yotu-video-description\"><\/div>\n\t\t\t\t\t\t\t\t\t<\/a>\n\t\t\t\t\t\t\t<\/li>\n\t\t\t\t\n\t\t\t\t\t\t<li class=\" yotu-last\">\n\t\t\t\t\t\t\t\t<a href=\"#m7g9q2eO4VI\" class=\"yotu-video\" data-videoid=\"m7g9q2eO4VI\" data-title=\"Hoan ca Ph\u1ee5c Sinh - St:  H\u00f9ng L\u00e2n | Ca \u0111o\u00e0n M\u1eabu T\u00e2m - Gi\u00e1o x\u1ee9 \u0110\u1ee9c M\u1eb9 La Vang - San Jose\" title=\"Hoan ca Ph\u1ee5c Sinh - St:  H\u00f9ng L\u00e2n | Ca \u0111o\u00e0n M\u1eabu T\u00e2m - Gi\u00e1o x\u1ee9 \u0110\u1ee9c M\u1eb9 La Vang - San Jose\">\n\t\t\t\t\t<div class=\"yotu-video-thumb-wrp\">\n\t\t\t\t\t\t<div>\n\t\t\t\t\t\t\t\t\t\t\t\t\t\t<img decoding=\"async\" class=\"yotu-video-thumb\" src=\"https:\/\/i.ytimg.com\/vi\/m7g9q2eO4VI\/sddefault.jpg\" alt=\"Hoan ca Ph\u1ee5c Sinh - St:  H\u00f9ng L\u00e2n | Ca \u0111o\u00e0n M\u1eabu T\u00e2m - Gi\u00e1o x\u1ee9 \u0110\u1ee9c M\u1eb9 La Vang - San Jose\">\t\n\t\t\t\t\t\t\t\t\t\t\t\t\t<\/div>\n\t\t\t\t\t<\/div>\n\t\t\t\t\t\t\t\t\t\t\t<h3 class=\"yotu-video-title\">Hoan ca Ph\u1ee5c Sinh - St:  H\u00f9ng L\u00e2n | Ca \u0111o\u00e0n M\u1eabu T\u00e2m - Gi\u00e1o x\u1ee9 \u0110\u1ee9c M\u1eb9 La Vang - San Jose<\/h3>\n\t\t\t\t\t\t\t\t\t\t\t\t\t\t\t\t\t\t\t\t\t<div class=\"yotu-video-description\"><\/div>\n\t\t\t\t\t\t\t\t\t<\/a>\n\t\t\t\t\t\t\t<\/li>\n\t\t\t\t\n\t\t\t\t<\/ul>\n<\/div><div class=\"yotu-pagination yotu-pager_layout-default yotu-pagination-bottom\">\n<a href=\"#\" class=\"yotu-pagination-prev yotu-button-prs yotu-button-prs-1\" data-page=\"prev\">Prev<\/a>\n<span class=\"yotu-pagination-current\">1<\/span> <span>of<\/span> <span class=\"yotu-pagination-total\">27<\/span>\n<a href=\"#\" class=\"yotu-pagination-next yotu-button-prs yotu-button-prs-1\" data-page=\"next\">Next<\/a>\n<\/div>\n\t\t\t\t<\/div>\n\t\t\t<\/div>\n\t\t\t<!--themify_builder_content-->\n<div id=\"themify_builder_content-48\" data-postid=\"48\" class=\"themify_builder_content themify_builder_content-48 themify_builder tf_clear\">\n    <\/div>\n<!--\/themify_builder_content-->","protected":false},"excerpt":{"rendered":"","protected":false},"author":2,"featured_media":0,"parent":0,"menu_order":0,"comment_status":"closed","ping_status":"closed","template":"","meta":{"ngg_post_thumbnail":0,"footnotes":""},"class_list":["post-48","page","type-page","status-publish","hentry","has-post-title","has-post-date","has-post-category","has-post-tag","has-post-comment","has-post-author",""],"builder_content":"","_links":{"self":[{"href":"https:\/\/home.mautam.org\/memory\/wp-json\/wp\/v2\/pages\/48","targetHints":{"allow":["GET"]}}],"collection":[{"href":"https:\/\/home.mautam.org\/memory\/wp-json\/wp\/v2\/pages"}],"about":[{"href":"https:\/\/home.mautam.org\/memory\/wp-json\/wp\/v2\/types\/page"}],"author":[{"embeddable":true,"href":"https:\/\/home.mautam.org\/memory\/wp-json\/wp\/v2\/users\/2"}],"replies":[{"embeddable":true,"href":"https:\/\/home.mautam.org\/memory\/wp-json\/wp\/v2\/comments?post=48"}],"version-history":[{"count":1,"href":"https:\/\/home.mautam.org\/memory\/wp-json\/wp\/v2\/pages\/48\/revisions"}],"predecessor-version":[{"id":49,"href":"https:\/\/home.mautam.org\/memory\/wp-json\/wp\/v2\/pages\/48\/revisions\/49"}],"wp:attachment":[{"href":"https:\/\/home.mautam.org\/memory\/wp-json\/wp\/v2\/media?parent=48"}],"curies":[{"name":"wp","href":"https:\/\/api.w.org\/{rel}","templated":true}]}}